*o + 7. Let z be g(-4). Suppose -5*j - z + 619 = 0. What is the remainder when j is divided by 10?
8
Let c(z) = -5*z**2 + 8*z + 68. Let n(h) = -h**2 + h + 1. Let j(a) = c(a) - 6*n(a). Calculate the remainder when j(0) is divided by 13.
10
What is the remainder when 135 is divided by 103 + (-7 + -5 - -13)?
31
Let p(u) = -4*u**3 + 317*u**2 - 80*u + 104. Let t(h) = 4*h + 42. Calculate the remainder when t(7) is divided by p(79).
20
Let s(k) = 283*k**3 - 284*k**3 - 26 - 3*k**2 - 3*k**2. What is the remainder when s(-7) is divided by 16?
7
Suppose -6*z + 20 = -5*g - 5*z, -4*g + 8 = 4*z. Let h(p) = 10*p + 4. Calculate the remainder when ((-3)/g - -3)*25 is divided by h(3).
32
Suppose -52*c - 982 = -40450. Calculate the remainder when c is divided by 61.
27
Let a(t) = t**2 - 4*t. Let r = -1831 + 1884. What is the remainder when r is divided by a(6)?
5
Let a = 123 + -118. Suppose a*l = v - 2*v + 190, 143 = 4*l - v. Suppose -36*f + l*f = 103. Calculate the remainder when f is divided by 27.
22
Suppose 3*d + 6 = 0, 2*d - 1261 = -2*w + 27. Calculate the remainder when w is divided by 11.
8
Let x = -56 - -82. Suppose 10*v + 2 = -38. What is the remainder when x is divided by 6/v - (369/(-18) + 4)?
11
Let c = 7266 + -7254. What is the remainder when (1056/16)/(2/3) is divided by c?
3
Let f = -324 + 82. Let d = f - -257. What is the remainder when 283 is divided by d?
13
Suppose 2*i = l - 6, 4 - 6 = -l + i. What is the remainder when 35 is divided by (l + (-29)/2)*(-48)/36?
13
Let u = 108 + 82. Let r = 379 - u. Let x(z) = 7*z**2 + 131*z + 481. What is the remainder when r is divided by x(-14)?
18
Suppose -3*a = 37*z - 32*z - 413, 2*z = a - 123. Calculate the remainder when 231 is divided by a.
100
Let w be (-1 - 1) + 1*90. Suppose -21 = -5*y + i + 60, -w = -4*y - 5*i. Let u = 1298 + -1289. What is the remainder when y is divided by u?
8
Let a = -1786 + 1820. What is the remainder when 561 is divided by a?
17
Let b be -4*-6*(-3)/12. Let p be (48/(-10))/(b/15). Calculate the remainder when (2 + 65)/(4/p) is divided by 41.
37
Let a(i) = 24*i**2 + 2110*i - 173. Let p(f) = f + 10. What is the remainder when a(-88) is divided by p(-7)?
0
Calculate the remainder when (12 + 91)/((2/7)/2) is divided by 23.
8
Suppose -72 = -3*l - 57. What is the remainder when 778/20 + 33/330 is divided by l?
4
Suppose 3*q = t + 1614 - 527, 2*t = 10. What is the remainder when q is divided by 21?
7
Suppose 0 = 3*o + o - 204. Suppose 57*i - 2*w - 187 = 52*i, -5*w = -4*i + 136. Suppose -474*f + 471*f + i = 0. What is the remainder when o is divided by f?
12
Suppose -5*d - 29 = -4*b, 9 = b - 18*d + 15*d. Calculate the remainder when 1558 is divided by b.
4
Let q be (-228)/(-8)*(1 + 0 + -3). Let t = q - -77. Let l = 37 - t. Calculate the remainder when l is divided by 7.
3
Let n be 559/(5/(-2 - 3)). Calculate the remainder when 1/(-2)*(n - 1) is divided by 47.
45
Suppose 3*t + 3 = -5*i + 7, t + 12 = 5*i. Suppose -g + 4*z + 15 = 0, i*z + 18 = 4*g - 0*g. Let m = 11 + -8. What is the remainder when g is divided by m?
0
Let v be -6 - -30*6/12. Calculate the remainder when v/((-3)/3)*(-4 - 27) is divided by 47.
44
Let u(o) = -2*o**3 + o + 12. Let w be u(0). What is the remainder when 196 is divided by (-5 - 20/4)/((-6)/w)?
16
Let k = -962 - -1049. Suppose -3*o = 3*o - 78. What is the remainder when k is divided by o?
9
Suppose 0 = 6*r - r - 55. Suppose -r*u + 14*u - 15 = 0. Suppose -4*q + 2*z = -58, 0 = -5*q + 2*z + 51 + 19. Calculate the remainder when q is divided by u.
2
Suppose 3*v - 2*o = 55, 0 = -3*v - v - 3*o + 62. Calculate the remainder when 1121 is divided by v.
16
Calculate the remainder when 1278 is divided by 8*(1 + 9) + -10.
18
Let o(s) = 162*s - 5090. Calculate the remainder when o(40) is divided by 67.
50
Suppose 104*f = 53*f + 8*f + 1462. Suppose -5*c = 5*a - 105, 2 = 3*a + 4*c - 60. Calculate the remainder when f is divided by a.
12
Let f(j) = 11*j + 103. Let t be f(6). Suppose t*i = 168*i + 51. What is the remainder when 968 is divided by i?
50
What is the remainder when (((-38)/5)/(-235 - -237))/((-2)/30) is divided by 6?
3
What is the remainder when -8 + (-786)/(-15) - (-4)/(-10) is divided by -1*6*(4 - (-98)/(-21))?
0
Suppose 277*j + 6 = 279*j. Let k(h) = -6*h**2 - h + 2. Let f(t) = t**2 + t + 1. Let y(s) = f(s) - k(s). Calculate the remainder when y(j) is divided by 18.
14
Suppose -2*j + 3 = -4*o + 21, 2*o = 4*j. What is the remainder when 514 is divided by j?
1
Let v be (81/(-63) + (-8)/(-28))*-2. Suppose -4*s + v*n = -400 - 140, 2*s - 270 = 2*n. What is the remainder when s is divided by 61?
13
Suppose -17*k + 2740 = -0*k - 2071. Let f(q) = 2*q**2 + q - 2. What is the remainder when k is divided by f(-4)?
23
Let k(s) = s**3 - 92*s**2 - 178*s - 672. Let j(t) = 6*t - 9. What is the remainder when k(94) is divided by j(6)?
25
Suppose 2*a + 3*o - 613 = 276, -4*a + 1787 = 3*o. What is the remainder when a is divided by 50?
49
Let u(x) be the second derivative of -7*x**5/20 + x**3/6 + 9*x + 3. Calculate the remainder when u(-2) is divided by 11.
10
Suppose -180 = 29*r + 81. Let s(k) be the second derivative of -k**3/2 + 5*k**2/2 - k. What is the remainder when s(r) is divided by 9?
5
Let a(n) = -3*n + 2468. Calculate the remainder when a(-86) is divided by 33.
20
Let p = 796 - 633. Let g = 196 - p. Suppose 2*m + 2*m - 4*c - 368 = 0, -490 = -5*m - 5*c. What is the remainder when m is divided by g?
29
Suppose 0 = -5*f - 3*b + 77 + 869, -2 = -b. Calculate the remainder when 582 is divided by f.
18
Suppose -46*c = -k - 48*c + 1244, 3708 = 3*k + 3*c. Calculate the remainder when k is divided by 31.
19
Let u(t) = -t**3 + 44*t**2 - 45*t + 138. What is the remainder when 340 is divided by u(43)?
28
Let j be -5 + 18 - (-1 - -3)*-1. Calculate the remainder when (-578)/(-6) - 5/j is divided by 17.
11
Let k(g) = -g**2 + g + 162. Let a be k(0). Let i = a + -77. Suppose -3*q + 3 = -v - i, -4*v = -q + 33. Calculate the remainder when q is divided by 8.
5
Let j = 3581 - 3441. Calculate the remainder when j is divided by 41.
17
Suppose -40*i + 42*i - 4*f = 4316, -2*i - 2*f = -4334. What is the remainder when i is divided by 197?
194
Suppose -170 = -r + 3*p, -613*r - 160 = -614*r + 5*p. Calculate the remainder when 3512 is divided by r.
182
Suppose 5*u + 262 = 6*u. Calculate the remainder when u is divided by (((-4)/2)/(-2))/((-451)/(-4961)).
9
Let i = -400 - -414. Suppose 6 = -13*q + i*q. Calculate the remainder when 23 is divided by q.
5
Suppose -48*j - 13*j = -81*j + 51420. What is the remainder when j is divided by 86?
77
Let k = 68545 - 68529. Suppose 0 = -2*v + 5*v - 84. Calculate the remainder when v is divided by k.
12
Suppose -3*z = -4*t - 730, z - 5*t + 2*t = 235. Let f = -238 + z. Calculate the remainder when 81 is divided by f.
9
Calculate the remainder when 615 is divided by ((-1)/((-20)/1185))/((-4)/16 - -1).
62
Suppose 2*h - 3*o - 44 = -0*h, 5*o - 60 = -5*h. What is the remainder when (-62)/(-1 - (-1)/3 - (-4)/(-3)) is divided by h?
15
Suppose 0*s + 372 = 4*s. Let a(u) = u**2 + 186*u + 2892. Calculate the remainder when s is divided by a(-17).
17
Let d = 1328 - 1254. What is the remainder when d is divided by 21?
11
Let h = -38 + 2. Let j = -125 - -186. Let q = h + j. Calculate the remainder when 43 is divided by q.
18
Suppose 183 + 27 = 14*r. Let j(i) = 3 - 5 - 8*i + i**2 + 3 + 2*i. What is the remainder when j(-6) is divided by r?
13
Suppose w + 0 = -3, 0 = -3*c - 3*w. Suppose c*n + 5*n = 24. Suppose 7*t - n*t - 553 = 5*f, -5*t + 689 = -4*f. What is the remainder when t is divided by 14?
11
Suppose 43 = -15*v + 1168. What is the remainder when 427 is divided by v?
52
Suppose 4*q - 1421 = 3*r - 206, 5*q - 4*r - 1520 = 0. Calculate the remainder when 1221 is divided by q.
21
Suppose 4*c - 4 = 60. What is the remainder when 1/((15/(-201))/(-5)) is divided by c?
3
Suppose 4*w - 903 = -231. Suppose 0 = -3*q - 4*x + w, 7*q + 5*x - 171 = 4*q. What is the remainder when q is divided by 25?
2
What is the remainder when 48 + -51 - (-109 + -1) is divided by 37?
33
Let d(g) = 1227*g - 15855. Let o(y) = 5*y. What is the remainder when d(13) is divided by o(3)?
6
Suppose -7852 = 26*o - 23088. What is the remainder when o is divided by 139?
30
Suppose 23*n + 3*j = 20*n + 93, -4*n = 3*